 -x - 2. Let d(b) = -1. Let w(g) = -5*d(g) + 2*y(g). What is w(v)?
-1
Let c(w) = 3*w**2 - 10*w - 9. Let g(o) = o**2 - 1. Let n(u) = -c(u) + 2*g(u). Let q be n(11). Let a(i) = 1 - 3 - 2*i + 0. Calculate a(q).
6
Let c(b) = -3*b + 11. Let n be 12 - (0/(-3) - -2). Let j(d) = -2*d + 12. Let g be j(n). Let s(o) = -o + 4. Let u(w) = g*s(w) + 3*c(w). What is u(2)?
-1
Let k(d) = -8 + 122*d**2 - 2*d - 124*d**2 - d - 3. Give k(0).
-11
Let y be (-2)/3*(2 - -1). Let t = y - -3. Let m(w) be the third derivative of 7*w**4/24 + 219*w**2 + 2. What is m(t)?
7
Let i(g) = g + 2. Let c(r) = 5*r + 7. Let d(k) = -c(k) + 6*i(k). Give d(-2).
3
Let m = 0 - 3. Let q(z) = -z**3 - 2*z**2 + 2*z + 1. Suppose 0*w = -4*w - 8. Let f(s) = -s. Let y(u) = w*f(u) - q(u). Give y(m).
-10
Suppose -20*v + 89 = 209. Let f(z) be the third derivative of -z**6/120 - z**5/12 + 7*z**4/24 + 6*z**2. Calculate f(v).
-6
Let y(m) = 8 + 4*m**2 - 3*m**2 + 3. Let o(h) = -h**2 - 6*h + 91. Let k be o(7). Calculate y(k).
11
Let c(t) be the second derivative of t**4/12 + 5*t**3/6 + t**2/2 - 10*t. Let p be (-38)/9 + 6/27. Determine c(p).
-3
Let z = 601 + -598. Let v(x) be the second derivative of 4*x**2 - 10*x + 1/12*x**4 + 0 + 5/3*x**z. Calculate v(-6).
-16
Let z(v) = -20 - v**2 + 1 + 4 - 1 + 12 + 6*v. Give z(4).
4
Suppose -22*m + 60 = -12*m. Let q(b) = -b + 0*b + 2*b. What is q(m)?
6
Suppose -7*y + 12*y + 2*p = -26, 15 = -5*p. Let u(m) = 3*m + 4. Calculate u(y).
-8
Let r(h) = -h**2 + 11*h - 3. Suppose 14*f = 12*f + 18. Determine r(f).
15
Let w(f) = 6*f**2 + 6*f - f**3 + 1 + 0*f - 5*f**2 - 4. Give w(4).
-27
Suppose 5*i = 17 - 2. Suppose -4*q = j + 3*j + 12, -i*j - 11 = 4*q. Let b(g) = -2 + 3*g**3 + 0*g**3 - 4*g**3 - 3*g**2 - 4*g. Give b(q).
2
Let x(g) = g**2 - 3*g - 7. Let f be (-1)/1 - (9 + -21). Suppose -10*l = -f*l. Suppose l*w + 4*w = 20. Determine x(w).
3
Let w(q) = -24*q + 27. Let m(z) = -13*z + 14. Let i(h) = 11*m(h) - 6*w(h). What is i(12)?
4
Let r be 1/(-3) - 95/(-15). Let m(t) = r - t**2 + 34*t**3 - 36*t**3 - 7. Calculate m(2).
-21
Let t(z) = 5*z**2 + 10*z + 27. Let y(q) = 11*q**2 + 19*q + 58. Let c(o) = 9*t(o) - 4*y(o). Determine c(-7).
-38
Let z(s) = 6 + 89*s - 5*s - 83*s. Determine z(-13).
-7
Let k(m) = 2*m**2 - 4*m - 2. Let l(o) = o**2 + 3*o + 6. Let z be l(-2). Calculate k(z).
14
Let m(u) be the first derivative of u**2/2 - 5*u + 10. Let s = -30 - -35. Give m(s).
0
Suppose -12 = 4*l - 24. Let o(r) = -r**3 + 4*r**2 + 2*r - 9. Let i be o(l). Let d(f) = f**2 - 6*f - 3. Calculate d(i).
-3
Let j(t) = t**3 + 21*t**2 - 21*t + 26. Let l = -2736 - -2714. Give j(l).
4
Let c(h) = -h - 1. Let j(i) = -5*i + 3. Let z(l) = 4*c(l) - j(l). Let o be (-18)/(-12)*(-84)/(-18) + -1. Determine z(o).
-1
Let n(o) be the third derivative of o**5/12 - o**3/6 + 14*o**2. Let t(p) = -p**2 - p + 1. Let y be t(0). Determine n(y).
4
Let i(l) be the first derivative of -l**4/4 + 7*l**3/3 - 7*l**2/2 + 5*l - 142. Calculate i(6).
-1
Let m(a) = -a**2 - 2*a + 9. Let o be (-10)/6*1512/(-630). Determine m(o).
-15
Let l(r) = 16 + 4*r + 9 - 2 - 4. Let h be l(-5). Let v(g) = -g - 1. Give v(h).
0
Let c(o) = -3*o**3 - 9*o**2 - 10*o - 5. Let a(t) = -13*t**3 - 37*t**2 - 44*t - 19. Let b(j) = 2*a(j) - 9*c(j). Let g be (-1)/(1 - 6/7). What is b(g)?
-7
Let g(y) = 56*y - 2 + 57*y - 116*y + 0. Let f = -5 + 9. Give g(f).
-14
Suppose -4*k + 26 = 2*m, -k + 3 = -m - 2*m. Let t(q) = -q**2 - 93*q + 8. Let r(x) = -x**2 - 77*x + 8. Let a(l) = 6*r(l) - 5*t(l). Determine a(k).
-10
Let d(j) = j**3 + 5*j**2 - 8*j - 6. Let o be d(-6). Let w(a) = -5*a + 0 + 10*a - 7*a**2 + a**3 + 0 + 4. What is w(o)?
-2
Let s(y) = -7 - 8*y - 5 + 3 - 2. Let n(o) = o. Let g(a) = 18*n(a) + 2*s(a). Let k be g(9). Let j(b) = -b**2 - 5*b. What is j(k)?
4
Let u(w) = -7*w**2 + 18*w + 29. Let j(m) = 4*m**2 - 10*m - 14. Let o(y) = 5*j(y) + 3*u(y). Determine o(7).
-4
Suppose t + t + 21 = 5*z, 3*z - 25 = -5*t. Let n(y) = -2*y**2 + 3*y - 3. Calculate n(t).
-5
Let t(l) = 7*l + 8. Let z(i) = 8*i**2 - 67*i + 24. Let j be z(8). Give t(j).
8
Let l(j) = 13*j + 1. Let h be l(12). Let n(b) = 159*b + 1 - h*b + 11. Calculate n(-8).
-4
Let g(r) = -2*r**2 + r - 2*r**2 - 3*r + 2*r**2. Let f be g(-2). Let m(d) be the first derivative of -d**4/4 - 5*d**3/3 - 5*d**2/2 - 5. Give m(f).
4
Let q(p) = -p + 5*p + p**3 - 4 - 4*p**2 + 2. Let k be q(3). Let t(a) be the second derivative of -7*a**4/12 - a**3/6 + a**2/2 - 177*a. Give t(k).
-7
Suppose -25 = 17*c - 12*c. Let b(m) = -2*m**2 + 26*m - 11. Let q(g) = -g**2 + 12*g - 6. Let j(k) = c*q(k) + 2*b(k). What is j(9)?
17
Let z = 6 - 9. Let q(l) be the first derivative of -l**4/4 + 2*l**2 - l + 34. Calculate q(z).
14
Suppose 0 = -2*u + 3*p + 1, u = 3*u - 5*p - 3. Let c(l) be the third derivative of 0 + 7/30*l**5 + 1/24*l**4 + 1/6*l**3 + 0*l + l**2. Give c(u).
14
Suppose -1 = -9*v - 1. Let u(f) = f**3 - f**2 - 7*f + 2. Let k = -12 - -18. Let w(t) = 2*t**3 - 2*t**2 - 13*t + 4. Let c(r) = k*w(r) - 11*u(r). Determine c(v).
2
Let q(g) = -g + 13. Let h = 215 + -205. Determine q(h).
3
Let k(w) = 16*w + 1. Suppose -30 = 4*a - 7*a. Suppose -2*r + a = -4*c, -c - 4*r = -8 - 3. Calculate k(c).
-15
Let j be (12/9)/((-4)/(-6)). Let k(z) = -99*z - 9. Let h(s) = -24*s - 2. Let o(a) = 21*h(a) - 5*k(a). Give o(j).
-15
Let h be ((-1)/3)/((-1)/(-27)). Let p be 1/(-4) + h/(-4). Let b(m) = -m - 40*m**2 + 41*m**p + m**3 - 1 - m. Determine b(-2).
-1
Let f(u) = -2*u**2 - 1. Let s(q) = -q**3 + 17*q**2 + 18*q - 308. Let l be s(17). Calculate f(l).
-9
Suppose -4*g = p - 6, 3*p + 2*p - 30 = -4*g. Let k = -8 - -19. Let w(a) = -a + 2*a + 0*a - k. Give w(p).
-5
Let x(f) be the third derivative of -f**5/15 + f**3/6 - f**2. Let n(b) = b**3 - b**2 - 11*b - 5. Let v be n(4). Determine x(v).
-3
Let p(l) = 1 - 4*l + 5*l - 3*l. Let u(g) be the second derivative of g**5/20 + g**4/6 - g**3 + 6*g**2 + g + 7. Let r be u(-4). Calculate p(r).
-7
Suppose -3*q - 31 + 7 = -z, 0 = -4*q - 16. Suppose -2*a + z = -2. Let b(k) = k + 3*k + a*k**3 - 5*k. Calculate b(1).
6
Suppose -7*i + 6*i - 3 = 0. Let t = 7 + -3. Let k(v) = -t*v**3 + v - 2*v**2 + 4*v + 3*v**3 + 2. Give k(i).
-4
Let y(f) = -f**2 - 11*f - 19. Let s = -2177 - -2168. What is y(s)?
-1
Suppose -5*y + 16 = -4*o - 2, -4*y = 4*o. Let u = -8 - y. Let t = u + 11. Let r(c) = -5*c - 1. What is r(t)?
-6
Let m(f) be the third derivative of 5/6*f**3 + 0*f - 1/360*f**6 + 0*f**4 + 7/120*f**5 - f**2 + 0. Let p(w) be the first derivative of m(w). Give p(6).
6
Let f(j) be the third derivative of j**6/120 + 7*j**5/60 - j**3 - 10*j**2. Suppose 3*p + 7 = 2*p. Give f(p).
-6
Suppose -y - 3*x - 2 = -10, -y - 4*x = -9. Let p(b) = 2*b**2 - 4*b + 1. Give p(y).
31
Let i(p) = -13*p + 6. Let g(n) = -26*n + 14. Let u(j) = 2*g(j) - 5*i(j). Calculate u(-4).
-54
Let w be (8/(-32))/(2/(-8)). Let u(z) = -7*z**2 + 13*z - 13. Let c(p) = -p**2 + p - 1. Let n(q) = w*u(q) - 6*c(q). Let h = -1 - -7. Give n(h).
-1
Let p(x) = -x**2 + 2*x + 1. Let u(f) = f**3 + 11*f**2 - 14*f - 15. Let c be u(-12). Suppose 1 + c = 5*a. Suppose -w + a = v + w, 5*w = 0. Give p(v).
1
Let u(h) = h**2 - h - 2. Let o = 317 - 313. Give u(o).
10
Let n(l) be the second derivative of l**5/60 + l**4/12 - l**3/3 - 37*l. Let w(u) be the second derivative of n(u). Give w(-2).
-2
Suppose -4*j - 15 = -7*j, 4*y = -2*j + 38. Let v(r) = -r. What is v(y)?
-7
Let p be (45/(-30))/(2/(-8)). Let c(m) = 2*m + 0*m**3 + 6*m**2 - 6 - 4*m**3 + 3*m**3 + 0. What is c(p)?
6
Let v(h) = -h**3 - 7*h**2 + 2. Let j be v(-7). Let w(i) = 3*i**3 + 2*i**2 - 7*i**2 - 6 - 5*i - j*i**3. Let m be -1 + (-37)/(-6) + (-55)/(-66). What is w(m)?
0
Let z(h) be the first derivative of -h**3/3 - 7*h**2/2 - 3*h - 38. Give z(-4).
9
Suppose -n + 4*v + 30 + 25 = 0, 3*n = -2*v + 151. Let f(y) = -3*y + 6*y - 48 + n. What is f(-4)?
-9
Let c be ((2 - -3)/(-5))/((-3)/(-15)). Let v be 7 - 2/(1 + 1). Let p be 1/(-1 - v/c). Let q(d) = -d**2 + 6*d - 2. What is q(p)?
3
Let t(a) = 31*a**2 - a**3 + 38 - 55 - 2*a + 6*a - 33*a**2. Calculate t(-4).
-1
Let v(l) = 1735 + l**2 - 3*l**2 - 1722 - l**3. What is v(0)?
13
Let v(f) = 6*f**3 + f**2 + f - 1. Let x be v(1). Let o(j) = -j + 1. Let n(d) = -3*d + 3. Let t(i) = x*o(i) - 3*n(i). Determine t(-6).
-14
Let c(x) = -2*x + 8. Let b(i) = 1. Let z(q) = -10*b(q) + c(q). Suppose 0 = 2*r + 22 - 28. Determine z(r).
-8
Let f(d) = -d**2